{"id":2231,"date":"2018-11-17T11:16:41","date_gmt":"2018-11-17T10:16:41","guid":{"rendered":"https:\/\/www.reseau-vivre-la-ville.fr\/?page_id=2231"},"modified":"2025-03-19T16:30:21","modified_gmt":"2025-03-19T15:30:21","slug":"paris-2016","status":"publish","type":"page","link":"https:\/\/www.reseau-vivre-la-ville.fr\/?page_id=2231","title":{"rendered":"Paris 2016"},"content":{"rendered":"<p><a href=\"https:\/\/www.reseau-vivre-la-ville.fr\/wp-content\/uploads\/2025\/03\/affiche_800px.png\"><img loading=\"lazy\" decoding=\"async\" class=\"size-medium wp-image-2982 alignleft\" src=\"https:\/\/www.reseau-vivre-la-ville.fr\/wp-content\/uploads\/2025\/03\/affiche_800px-212x300.png\" alt=\"\" width=\"212\" height=\"300\" srcset=\"https:\/\/www.reseau-vivre-la-ville.fr\/wp-content\/uploads\/2025\/03\/affiche_800px-212x300.png 212w, https:\/\/www.reseau-vivre-la-ville.fr\/wp-content\/uploads\/2025\/03\/affiche_800px.png 566w\" sizes=\"auto, (max-width: 212px) 100vw, 212px\" \/><\/a>Regroup\u00e9es au sein du R\u00e9seau Vivre la Ville !, des associations d\u2019habitants de nombreuses villes d\u2019Europe ont organis\u00e9 une r\u00e9union publique le 31 mai 2016 de 18h30 \u00e0 Paris.<\/p>\n<p>Leur but : d\u00e9velopper une coordination afin que la vie nocturne des quartiers pr\u00e9tendus \u00ab festifs \u00bb respecte les droits fondamentaux des personnes ainsi que le patrimoine des sites qu\u2019elle investit.<\/p>\n<ul>\n<li><a href=\"https:\/\/www.reseau-vivre-la-ville.fr\/?p=587\" target=\"_blank\" rel=\"noopener\">Le communiqu\u00e9 de presse<\/a><\/li>\n<li><a href=\"https:\/\/www.reseau-vivre-paris.fr\/wp-content\/uploads\/2016\/05\/ProgrammeRVV-31-05-16.pdf\" target=\"_blank\" rel=\"noopener\">Le programme d\u00e9taill\u00e9<\/a><\/li>\n<li><a href=\"https:\/\/www.reseau-vivre-la-ville.fr\/?p=619\" target=\"_blank\" rel=\"noopener\">Les interventions et les documents<\/a><\/li>\n<li><a href=\"https:\/\/www.reseau-vivre-la-ville.fr\/wp-content\/uploads\/2016\/09\/ManifesteRVV-31-05-16_A4.pdf\" target=\"_blank\" rel=\"noopener\">Le manifeste publi\u00e9 \u00e0 l&rsquo;occasion de cette r\u00e9union<\/a><\/li>\n<li><a href=\"https:\/\/www.reseau-vivre-la-ville.fr\/?p=610\" target=\"_blank\" rel=\"noopener\">Le compte-rendu<\/a><\/li>\n<\/ul>\n\n\n<p><\/p>\n","protected":false},"excerpt":{"rendered":"<p>Regroup\u00e9es au sein du R\u00e9seau Vivre la Ville !, des associations d\u2019habitants de nombreuses villes d\u2019Europe ont organis\u00e9 une r\u00e9union publique le 31 mai 2016 de 18h30 \u00e0 Paris. Leur but : d\u00e9velopper une coordination afin que la vie nocturne des quartiers pr\u00e9tendus \u00ab festifs \u00bb respecte les droits fondamentaux des personnes ainsi que le [&hellip;]<\/p>\n","protected":false},"author":7,"featured_media":0,"parent":0,"menu_order":0,"comment_status":"closed","ping_status":"closed","template":"template-fullwidth.php","meta":{"_monsterinsights_skip_tracking":false,"_monsterinsights_sitenote_active":false,"_monsterinsights_sitenote_note":"","_monsterinsights_sitenote_category":0,"footnotes":""},"class_list":["post-2231","page","type-page","status-publish","hentry","post-preview"],"yoast_head":"<!-- This site is optimized with the Yoast SEO plugin v27.3 - https:\/\/yoast.com\/product\/yoast-seo-wordpress\/ -->\n<title>Paris 2016 - R\u00e9seau Vivre la Ville<\/title>\n<meta name=\"robots\" content=\"index, follow, max-snippet:-1, max-image-preview:large, max-video-preview:-1\" \/>\n<link rel=\"canonical\" href=\"https:\/\/www.reseau-vivre-la-ville.fr\/?page_id=2231\" \/>\n<meta property=\"og:locale\" content=\"fr_FR\" \/>\n<meta property=\"og:type\" content=\"article\" \/>\n<meta property=\"og:title\" content=\"Paris 2016 - R\u00e9seau Vivre la Ville\" \/>\n<meta property=\"og:description\" content=\"Regroup\u00e9es au sein du R\u00e9seau Vivre la Ville !, des associations d\u2019habitants de nombreuses villes d\u2019Europe ont organis\u00e9 une r\u00e9union publique le 31 mai 2016 de 18h30 \u00e0 Paris. Leur but : d\u00e9velopper une coordination afin que la vie nocturne des quartiers pr\u00e9tendus \u00ab festifs \u00bb respecte les droits fondamentaux des personnes ainsi que le [&hellip;]\" \/>\n<meta property=\"og:url\" content=\"https:\/\/www.reseau-vivre-la-ville.fr\/?page_id=2231\" \/>\n<meta property=\"og:site_name\" content=\"R\u00e9seau Vivre la Ville\" \/>\n<meta property=\"article:publisher\" content=\"https:\/\/www.facebook.com\/vivrelaville\/\" \/>\n<meta property=\"article:modified_time\" content=\"2025-03-19T15:30:21+00:00\" \/>\n<meta property=\"og:image\" content=\"https:\/\/www.reseau-vivre-la-ville.fr\/wp-content\/uploads\/2025\/03\/affiche_800px.png\" \/>\n\t<meta property=\"og:image:width\" content=\"566\" \/>\n\t<meta property=\"og:image:height\" content=\"800\" \/>\n\t<meta property=\"og:image:type\" content=\"image\/png\" \/>\n<meta name=\"twitter:card\" content=\"summary_large_image\" \/>\n<meta name=\"twitter:label1\" content=\"Dur\u00e9e de lecture estim\u00e9e\" \/>\n\t<meta name=\"twitter:data1\" content=\"1 minute\" \/>\n<script type=\"application\/ld+json\" class=\"yoast-schema-graph\">{\"@context\":\"https:\\\/\\\/schema.org\",\"@graph\":[{\"@type\":\"WebPage\",\"@id\":\"https:\\\/\\\/www.reseau-vivre-la-ville.fr\\\/?page_id=2231\",\"url\":\"https:\\\/\\\/www.reseau-vivre-la-ville.fr\\\/?page_id=2231\",\"name\":\"Paris 2016 - R\u00e9seau Vivre la Ville\",\"isPartOf\":{\"@id\":\"https:\\\/\\\/www.reseau-vivre-la-ville.fr\\\/#website\"},\"primaryImageOfPage\":{\"@id\":\"https:\\\/\\\/www.reseau-vivre-la-ville.fr\\\/?page_id=2231#primaryimage\"},\"image\":{\"@id\":\"https:\\\/\\\/www.reseau-vivre-la-ville.fr\\\/?page_id=2231#primaryimage\"},\"thumbnailUrl\":\"https:\\\/\\\/www.reseau-vivre-la-ville.fr\\\/wp-content\\\/uploads\\\/2025\\\/03\\\/affiche_800px-212x300.png\",\"datePublished\":\"2018-11-17T10:16:41+00:00\",\"dateModified\":\"2025-03-19T15:30:21+00:00\",\"breadcrumb\":{\"@id\":\"https:\\\/\\\/www.reseau-vivre-la-ville.fr\\\/?page_id=2231#breadcrumb\"},\"inLanguage\":\"fr-FR\",\"potentialAction\":[{\"@type\":\"ReadAction\",\"target\":[\"https:\\\/\\\/www.reseau-vivre-la-ville.fr\\\/?page_id=2231\"]}]},{\"@type\":\"ImageObject\",\"inLanguage\":\"fr-FR\",\"@id\":\"https:\\\/\\\/www.reseau-vivre-la-ville.fr\\\/?page_id=2231#primaryimage\",\"url\":\"https:\\\/\\\/www.reseau-vivre-la-ville.fr\\\/wp-content\\\/uploads\\\/2025\\\/03\\\/affiche_800px.png\",\"contentUrl\":\"https:\\\/\\\/www.reseau-vivre-la-ville.fr\\\/wp-content\\\/uploads\\\/2025\\\/03\\\/affiche_800px.png\",\"width\":566,\"height\":800},{\"@type\":\"BreadcrumbList\",\"@id\":\"https:\\\/\\\/www.reseau-vivre-la-ville.fr\\\/?page_id=2231#breadcrumb\",\"itemListElement\":[{\"@type\":\"ListItem\",\"position\":1,\"name\":\"Accueil\",\"item\":\"https:\\\/\\\/www.reseau-vivre-la-ville.fr\\\/\"},{\"@type\":\"ListItem\",\"position\":2,\"name\":\"Paris 2016\"}]},{\"@type\":\"WebSite\",\"@id\":\"https:\\\/\\\/www.reseau-vivre-la-ville.fr\\\/#website\",\"url\":\"https:\\\/\\\/www.reseau-vivre-la-ville.fr\\\/\",\"name\":\"R\u00e9seau Vivre la Ville\",\"description\":\"\",\"potentialAction\":[{\"@type\":\"SearchAction\",\"target\":{\"@type\":\"EntryPoint\",\"urlTemplate\":\"https:\\\/\\\/www.reseau-vivre-la-ville.fr\\\/?s={search_term_string}\"},\"query-input\":{\"@type\":\"PropertyValueSpecification\",\"valueRequired\":true,\"valueName\":\"search_term_string\"}}],\"inLanguage\":\"fr-FR\"}]}<\/script>\n<!-- \/ Yoast SEO plugin. -->","yoast_head_json":{"title":"Paris 2016 - R\u00e9seau Vivre la Ville","robots":{"index":"index","follow":"follow","max-snippet":"max-snippet:-1","max-image-preview":"max-image-preview:large","max-video-preview":"max-video-preview:-1"},"canonical":"https:\/\/www.reseau-vivre-la-ville.fr\/?page_id=2231","og_locale":"fr_FR","og_type":"article","og_title":"Paris 2016 - R\u00e9seau Vivre la Ville","og_description":"Regroup\u00e9es au sein du R\u00e9seau Vivre la Ville !, des associations d\u2019habitants de nombreuses villes d\u2019Europe ont organis\u00e9 une r\u00e9union publique le 31 mai 2016 de 18h30 \u00e0 Paris. Leur but : d\u00e9velopper une coordination afin que la vie nocturne des quartiers pr\u00e9tendus \u00ab festifs \u00bb respecte les droits fondamentaux des personnes ainsi que le [&hellip;]","og_url":"https:\/\/www.reseau-vivre-la-ville.fr\/?page_id=2231","og_site_name":"R\u00e9seau Vivre la Ville","article_publisher":"https:\/\/www.facebook.com\/vivrelaville\/","article_modified_time":"2025-03-19T15:30:21+00:00","og_image":[{"width":566,"height":800,"url":"https:\/\/www.reseau-vivre-la-ville.fr\/wp-content\/uploads\/2025\/03\/affiche_800px.png","type":"image\/png"}],"twitter_card":"summary_large_image","twitter_misc":{"Dur\u00e9e de lecture estim\u00e9e":"1 minute"},"schema":{"@context":"https:\/\/schema.org","@graph":[{"@type":"WebPage","@id":"https:\/\/www.reseau-vivre-la-ville.fr\/?page_id=2231","url":"https:\/\/www.reseau-vivre-la-ville.fr\/?page_id=2231","name":"Paris 2016 - R\u00e9seau Vivre la Ville","isPartOf":{"@id":"https:\/\/www.reseau-vivre-la-ville.fr\/#website"},"primaryImageOfPage":{"@id":"https:\/\/www.reseau-vivre-la-ville.fr\/?page_id=2231#primaryimage"},"image":{"@id":"https:\/\/www.reseau-vivre-la-ville.fr\/?page_id=2231#primaryimage"},"thumbnailUrl":"https:\/\/www.reseau-vivre-la-ville.fr\/wp-content\/uploads\/2025\/03\/affiche_800px-212x300.png","datePublished":"2018-11-17T10:16:41+00:00","dateModified":"2025-03-19T15:30:21+00:00","breadcrumb":{"@id":"https:\/\/www.reseau-vivre-la-ville.fr\/?page_id=2231#breadcrumb"},"inLanguage":"fr-FR","potentialAction":[{"@type":"ReadAction","target":["https:\/\/www.reseau-vivre-la-ville.fr\/?page_id=2231"]}]},{"@type":"ImageObject","inLanguage":"fr-FR","@id":"https:\/\/www.reseau-vivre-la-ville.fr\/?page_id=2231#primaryimage","url":"https:\/\/www.reseau-vivre-la-ville.fr\/wp-content\/uploads\/2025\/03\/affiche_800px.png","contentUrl":"https:\/\/www.reseau-vivre-la-ville.fr\/wp-content\/uploads\/2025\/03\/affiche_800px.png","width":566,"height":800},{"@type":"BreadcrumbList","@id":"https:\/\/www.reseau-vivre-la-ville.fr\/?page_id=2231#breadcrumb","itemListElement":[{"@type":"ListItem","position":1,"name":"Accueil","item":"https:\/\/www.reseau-vivre-la-ville.fr\/"},{"@type":"ListItem","position":2,"name":"Paris 2016"}]},{"@type":"WebSite","@id":"https:\/\/www.reseau-vivre-la-ville.fr\/#website","url":"https:\/\/www.reseau-vivre-la-ville.fr\/","name":"R\u00e9seau Vivre la Ville","description":"","potentialAction":[{"@type":"SearchAction","target":{"@type":"EntryPoint","urlTemplate":"https:\/\/www.reseau-vivre-la-ville.fr\/?s={search_term_string}"},"query-input":{"@type":"PropertyValueSpecification","valueRequired":true,"valueName":"search_term_string"}}],"inLanguage":"fr-FR"}]}},"_links":{"self":[{"href":"https:\/\/www.reseau-vivre-la-ville.fr\/index.php?rest_route=\/wp\/v2\/pages\/2231","targetHints":{"allow":["GET"]}}],"collection":[{"href":"https:\/\/www.reseau-vivre-la-ville.fr\/index.php?rest_route=\/wp\/v2\/pages"}],"about":[{"href":"https:\/\/www.reseau-vivre-la-ville.fr\/index.php?rest_route=\/wp\/v2\/types\/page"}],"author":[{"embeddable":true,"href":"https:\/\/www.reseau-vivre-la-ville.fr\/index.php?rest_route=\/wp\/v2\/users\/7"}],"replies":[{"embeddable":true,"href":"https:\/\/www.reseau-vivre-la-ville.fr\/index.php?rest_route=%2Fwp%2Fv2%2Fcomments&post=2231"}],"version-history":[{"count":5,"href":"https:\/\/www.reseau-vivre-la-ville.fr\/index.php?rest_route=\/wp\/v2\/pages\/2231\/revisions"}],"predecessor-version":[{"id":2984,"href":"https:\/\/www.reseau-vivre-la-ville.fr\/index.php?rest_route=\/wp\/v2\/pages\/2231\/revisions\/2984"}],"wp:attachment":[{"href":"https:\/\/www.reseau-vivre-la-ville.fr\/index.php?rest_route=%2Fwp%2Fv2%2Fmedia&parent=2231"}],"curies":[{"name":"wp","href":"https:\/\/api.w.org\/{rel}","templated":true}]}}