{"id":216,"date":"2015-04-09T17:51:11","date_gmt":"2015-04-09T15:51:11","guid":{"rendered":"https:\/\/www.reseau-vivre-la-ville.fr\/?page_id=216"},"modified":"2025-03-19T16:25:39","modified_gmt":"2025-03-19T15:25:39","slug":"nuisances-sonores-documents-liens","status":"publish","type":"page","link":"https:\/\/www.reseau-vivre-la-ville.fr\/?page_id=216","title":{"rendered":"Nuisances sonores : documents officiels"},"content":{"rendered":"<ul>\n<li><a href=\"https:\/\/www.reseau-vivre-la-ville.fr\/wp-content\/uploads\/2022\/04\/2018_who_noise_guidelines_eng.pdf\" target=\"_blank\" rel=\"noopener\">Lignes directrices relatives au bruit dans l&rsquo;environnement dans la R\u00e9gion europ\u00e9enne<\/a> &#8211; Organisation Mondiale de la Sant\u00e9 &#8211; 2018<\/li>\n<li><a href=\"http:\/\/www.bruit.fr\/decret-relatif-aux-sons-amplifies-requete-en-annulation-rejetee-par-le-conseil-detat.html\" target=\"_blank\" rel=\"noopener\">D\u00e9cret relatif aux sons amplifi\u00e9s : requ\u00eates en annulation rejet\u00e9es par le Conseil d\u2019\u00c9tat<\/a> &#8211; Centre d&rsquo;Information sur le Bruit &#8211; 13 d\u00e9cembre 2018<\/li>\n<li><a href=\"https:\/\/www.reseau-vivre-la-ville.fr\/wp-content\/uploads\/2019\/04\/2018-12-07_rejet_requete_decret_bruit.pdf\" target=\"_blank\" rel=\"noopener\">Rejet des requ\u00eates de la Chambre syndicale des cabarets artistiques et discoth\u00e8ques et de la F\u00e9d\u00e9ration fran\u00e7aise de motocyclisme contre le d\u00e9cret relatif aux sons amplifi\u00e9s<\/a> &#8211; Conseil d&rsquo;\u00c9tat &#8211; 7 d\u00e9cembre 2018<\/li>\n<li><a href=\"https:\/\/www.service-public.fr\/particuliers\/actualites\/A12543?xtor=EPR-100\" target=\"_blank\" rel=\"noopener\">Le propri\u00e9taire doit assurer au locataire un usage paisible du bien lou\u00e9<\/a> &#8211; service-public.fr &#8211; 13 avril 2018<\/li>\n<li><a href=\"https:\/\/www.reseau-vivre-la-ville.fr\/wp-content\/uploads\/2018\/03\/Recreational-noise-Impact-and-costs-for-annoyed-residents-in-Milan-and-Turin.pdf\" target=\"_blank\" rel=\"noopener\">Recreational noise Impact and costs for annoyed residents in Milan and Turin<\/a> (Elisabetta Ottoza, Lorenzo Rizzi, Francesco Nastasi), Applied Acoustics<\/li>\n<li><a href=\"https:\/\/www.bruitparif.fr\/la-reglementation-relative-aux-lieux-musicaux-evolue\/\" target=\"_blank\" rel=\"noopener\">La r\u00e9glementation relative aux lieux musicaux \u00e9volue<\/a> &#8211; BruitParif &#8211; 10 ao\u00fbt 2017<\/li>\n<li><a href=\"https:\/\/www.reseau-vivre-la-ville.fr\/wp-content\/uploads\/2019\/04\/2017-08-07_decret_bruit_jo.pdf\" target=\"_blank\" rel=\"noopener\">D\u00e9cret no 2017-1244 du 7 ao\u00fbt 2017 relatif \u00e0 la pr\u00e9vention des risques li\u00e9s aux bruits et aux sons amplifi\u00e9s<\/a> &#8211; Journal Officiel &#8211; 7 ao\u00fbt 2017<\/li>\n<li><a href=\"https:\/\/www.ademe.fr\/sites\/default\/files\/assets\/documents\/cout-social-pollutions-sonores-france_2016-05-04-rapport.pdf\" target=\"_blank\" rel=\"noopener\">Le co\u00fbt social des pollutions sonores<\/a> &#8211; Conseil National du Bruit &#8211; mai 2016<\/li>\n<li><a href=\"http:\/\/tnova.fr\/system\/contents\/files\/000\/001\/161\/original\/25042016_-_Retrouver_le_sommeil__une_affaire_publique.pdf?1462203056\" target=\"_blank\" rel=\"noopener\">Retrouver le sommeil, une affaire publique<\/a> &#8211; Think Tank Terra Nova &#8211; 25 avril 2016<\/li>\n<li><a href=\"https:\/\/www.reseau-vivre-paris.fr\/docs_pdf\/2014\/2014_guide_maire_bruits_voisinage.pdf\" target=\"_blank\" rel=\"noopener\">Bruits de voisinage : guide du maire<\/a> &#8211; r\u00e9dig\u00e9 par le Pr Didier HOUSSIN, Directeur G\u00e9n\u00e9ral de la Sant\u00e9<\/li>\n<li><a href=\"http:\/\/www.revue-urbanites.fr\/la-nuit-en-ville-et-les-nuisances-sonores-cet-ennemi-intime-la-regulation-par-les-dispositifs-sociotechniques\/\" target=\"_blank\" rel=\"noopener\">La nuit en ville et les nuisances sonores : cet ennemi intime &#8211; la r\u00e9gulation par les dispositifs sociotechniques<\/a> &#8211; Urbanit\u00e9s &#8211; 10 ao\u00fbt 2014<\/li>\n<li><a href=\"https:\/\/www.reseau-vivre-paris.fr\/docs_pdf\/2014\/2014_geneve_schema_mesures.pdf\" target=\"_blank\" rel=\"noopener\">Gestion des nuisances sonores \u00e0 Gen\u00e8ve<\/a> &#8211; document \u00e9labor\u00e9 par le Service de la s\u00e9curit\u00e9 et de l&rsquo;espace publics (SEEP) de la Ville de Gen\u00e8ve<\/li>\n<li><a href=\"https:\/\/www.reseau-vivre-la-ville.fr\/wp-content\/uploads\/2015\/04\/2013_CNB_vie_nocturne.pdf\" target=\"_blank\" rel=\"noopener\">Vie nocturne et bruit : \u00e9l\u00e9ments constitutifs d&rsquo;un projet de charte<\/a> &#8211; les fiches du CNB &#8211; juin 2013<\/li>\n<li><a href=\"http:\/\/www.antibruit.org\/echelle.htm\" target=\"_blank\" rel=\"noopener\">Des informations techniques sur l&rsquo;\u00e9chelle du bruit<\/a> &#8211; Centre Anti-Bruit du Bas-Rhin<\/li>\n<li><a href=\"https:\/\/www.reseau-vivre-paris.fr\/docs_pdf\/2012\/nuisances_bruit.pdf\" target=\"_blank\" rel=\"noopener\">Les nuisances sonores de voisinage dans l\u2019habitat &#8211; analyse et ma\u00eetrise<\/a> &#8211; Rapport de l&rsquo;Acad\u00e9mie Nationale de M\u00e9decine sur le bruit &#8211; 5 juin 2012<\/li>\n<li><a href=\"https:\/\/www.reseau-vivre-paris.fr\/docs_pdf\/2012\/asef_abus_bruit.pdf\" target=\"_blank\" rel=\"noopener\">L\u2019abus de bruit est dangereux pour la sant\u00e9 : la synth\u00e8se de l\u2019ASEF<\/a> &#8211; Association Sant\u00e9 Environnement France<\/li>\n<li><a href=\"https:\/\/www.reseau-vivre-paris.fr\/docs_pdf\/2012\/jo_09-03-2012.pdf\" target=\"_blank\" rel=\"noopener\">D\u00e9cret no 2012-343 du 9 mars 2012<\/a>&#8211; Int\u00e9gration de certaines contraventions en mati\u00e8re de bruit au dispositif de l\u2019amende forfaitaire pr\u00e9vu \u00e0 l\u2019article R. 48-1 du code de proc\u00e9dure p\u00e9nale<\/li>\n<li><a href=\"https:\/\/www.reseau-vivre-paris.fr\/wp-content\/uploads\/2014\/02\/2011-06-28_rapport-assemblee-nationale-nuisances-sonores-3592.pdf\" target=\"_blank\" rel=\"noopener\">Rapport N\u00b03592 de l&rsquo;Assembl\u00e9e Nationale sur les nuisances sonores<\/a> &#8211; 28 juin 2011<\/li>\n<li><a href=\"https:\/\/www.reseau-vivre-paris.fr\/wp-content\/uploads\/2014\/02\/2011_who_burden_disease_from_noise.pdf\" target=\"_blank\" rel=\"noopener\">Burden of disease from environmental noise &#8211; Quantification of healthy life years lost in Europe<\/a> &#8211; Who Health Organisation &#8211; 2011<\/li>\n<li><a href=\"https:\/\/www.reseau-vivre-paris.fr\/docs_pdf\/2010\/good_practice_guide_noise_11-2010.pdf\" target=\"_blank\" rel=\"noopener\">Good practice guide on noise exposure and potential health effects<\/a> &#8211; European Environment Agency &#8211; novembre 2010<\/li>\n<li><a href=\"https:\/\/www.reseau-vivre-paris.fr\/docs_pdf\/2010\/BMO_18-06-10_heure_ouverture_fermeture_ debits_boissons.pdf\" target=\"_blank\" rel=\"noopener\">Arr\u00eat\u00e9 no 2010-00396 fixant l&rsquo;heure d&rsquo;ouverture et de fermeture des d\u00e9bits de boissons et des \u00e9tablissements de spectacles et de divertissements publics.<\/a> &#8211; Bulletin Municipal Officiel de la Ville de Paris &#8211; 18 juin 2010<\/li>\n<li><a href=\"http:\/\/www.euro.who.int\/fr\/what-we-publish\/information-for-the-media\/sections\/press-releases\/2009\/10\/one-in-five-europeans-is-regularly-exposed-to-sound-levels-at-night-that-could-significantly-damage-health\" target=\"_blank\" rel=\"noopener\">OMS : Un Europ\u00e9en sur cinq est r\u00e9guli\u00e8rement expos\u00e9, la nuit, \u00e0 des niveaux sonores qui pourraient \u00eatre tr\u00e8s nocifs pour la sant\u00e9 &#8211; L\u2019OMS pr\u00e9sente des recommandations pour la protection de la sant\u00e9 contre la pollution sonore nocturne<\/a> &#8211; 8 octobre 2009<\/li>\n<li><a href=\"http:\/\/europa.eu\/legislation_summaries\/environment\/noise_pollution\/l21180_fr.htm\" target=\"_blank\" rel=\"noopener\">\u00c9valuation et gestion du bruit<\/a> &#8211; Europa &#8211; Synth\u00e8se de la l\u00e9gislation de l&rsquo;UE &#8211; maj 13 octobre 2008<\/li>\n<li><a href=\"http:\/\/ec.europa.eu\/health\/ph_projects\/2003\/action3\/docs\/2003_08_frep_en.pdf\" target=\"_blank\" rel=\"noopener\">Night noise guidelines<\/a> &#8211; WHO &#8211; 2007<\/li>\n<\/ul>\n","protected":false},"excerpt":{"rendered":"<p>Lignes directrices relatives au bruit dans l&rsquo;environnement dans la R\u00e9gion europ\u00e9enne &#8211; Organisation Mondiale de la Sant\u00e9 &#8211; 2018 D\u00e9cret relatif aux sons amplifi\u00e9s : requ\u00eates en annulation rejet\u00e9es par le Conseil d\u2019\u00c9tat &#8211; Centre d&rsquo;Information sur le Bruit &#8211; 13 d\u00e9cembre 2018 Rejet des requ\u00eates de la Chambre syndicale des cabarets artistiques et discoth\u00e8ques [&hellip;]<\/p>\n","protected":false},"author":7,"featured_media":0,"parent":0,"menu_order":0,"comment_status":"closed","ping_status":"closed","template":"template-fullwidth.php","meta":{"_monsterinsights_skip_tracking":false,"_monsterinsights_sitenote_active":false,"_monsterinsights_sitenote_note":"","_monsterinsights_sitenote_category":0,"footnotes":""},"class_list":["post-216","page","type-page","status-publish","hentry","post-preview"],"yoast_head":"<!-- This site is optimized with the Yoast SEO plugin v27.3 - https:\/\/yoast.com\/product\/yoast-seo-wordpress\/ -->\n<title>Nuisances sonores : documents officiels - R\u00e9seau Vivre la Ville<\/title>\n<meta name=\"robots\" content=\"index, follow, max-snippet:-1, max-image-preview:large, max-video-preview:-1\" \/>\n<link rel=\"canonical\" href=\"https:\/\/www.reseau-vivre-la-ville.fr\/?page_id=216\" \/>\n<meta property=\"og:locale\" content=\"fr_FR\" \/>\n<meta property=\"og:type\" content=\"article\" \/>\n<meta property=\"og:title\" content=\"Nuisances sonores : documents officiels - R\u00e9seau Vivre la Ville\" \/>\n<meta property=\"og:description\" content=\"Lignes directrices relatives au bruit dans l&rsquo;environnement dans la R\u00e9gion europ\u00e9enne &#8211; Organisation Mondiale de la Sant\u00e9 &#8211; 2018 D\u00e9cret relatif aux sons amplifi\u00e9s : requ\u00eates en annulation rejet\u00e9es par le Conseil d\u2019\u00c9tat &#8211; Centre d&rsquo;Information sur le Bruit &#8211; 13 d\u00e9cembre 2018 Rejet des requ\u00eates de la Chambre syndicale des cabarets artistiques et discoth\u00e8ques [&hellip;]\" \/>\n<meta property=\"og:url\" content=\"https:\/\/www.reseau-vivre-la-ville.fr\/?page_id=216\" \/>\n<meta property=\"og:site_name\" content=\"R\u00e9seau Vivre la Ville\" \/>\n<meta property=\"article:publisher\" content=\"https:\/\/www.facebook.com\/vivrelaville\/\" \/>\n<meta property=\"article:modified_time\" content=\"2025-03-19T15:25:39+00:00\" \/>\n<meta name=\"twitter:card\" content=\"summary_large_image\" \/>\n<meta name=\"twitter:label1\" content=\"Dur\u00e9e de lecture estim\u00e9e\" \/>\n\t<meta name=\"twitter:data1\" content=\"3 minutes\" \/>\n<script type=\"application\/ld+json\" class=\"yoast-schema-graph\">{\"@context\":\"https:\\\/\\\/schema.org\",\"@graph\":[{\"@type\":\"WebPage\",\"@id\":\"https:\\\/\\\/www.reseau-vivre-la-ville.fr\\\/?page_id=216\",\"url\":\"https:\\\/\\\/www.reseau-vivre-la-ville.fr\\\/?page_id=216\",\"name\":\"Nuisances sonores : documents officiels - R\u00e9seau Vivre la Ville\",\"isPartOf\":{\"@id\":\"https:\\\/\\\/www.reseau-vivre-la-ville.fr\\\/#website\"},\"datePublished\":\"2015-04-09T15:51:11+00:00\",\"dateModified\":\"2025-03-19T15:25:39+00:00\",\"breadcrumb\":{\"@id\":\"https:\\\/\\\/www.reseau-vivre-la-ville.fr\\\/?page_id=216#breadcrumb\"},\"inLanguage\":\"fr-FR\",\"potentialAction\":[{\"@type\":\"ReadAction\",\"target\":[\"https:\\\/\\\/www.reseau-vivre-la-ville.fr\\\/?page_id=216\"]}]},{\"@type\":\"BreadcrumbList\",\"@id\":\"https:\\\/\\\/www.reseau-vivre-la-ville.fr\\\/?page_id=216#breadcrumb\",\"itemListElement\":[{\"@type\":\"ListItem\",\"position\":1,\"name\":\"Accueil\",\"item\":\"https:\\\/\\\/www.reseau-vivre-la-ville.fr\\\/\"},{\"@type\":\"ListItem\",\"position\":2,\"name\":\"Nuisances sonores : documents officiels\"}]},{\"@type\":\"WebSite\",\"@id\":\"https:\\\/\\\/www.reseau-vivre-la-ville.fr\\\/#website\",\"url\":\"https:\\\/\\\/www.reseau-vivre-la-ville.fr\\\/\",\"name\":\"R\u00e9seau Vivre la Ville\",\"description\":\"\",\"potentialAction\":[{\"@type\":\"SearchAction\",\"target\":{\"@type\":\"EntryPoint\",\"urlTemplate\":\"https:\\\/\\\/www.reseau-vivre-la-ville.fr\\\/?s={search_term_string}\"},\"query-input\":{\"@type\":\"PropertyValueSpecification\",\"valueRequired\":true,\"valueName\":\"search_term_string\"}}],\"inLanguage\":\"fr-FR\"}]}<\/script>\n<!-- \/ Yoast SEO plugin. -->","yoast_head_json":{"title":"Nuisances sonores : documents officiels - R\u00e9seau Vivre la Ville","robots":{"index":"index","follow":"follow","max-snippet":"max-snippet:-1","max-image-preview":"max-image-preview:large","max-video-preview":"max-video-preview:-1"},"canonical":"https:\/\/www.reseau-vivre-la-ville.fr\/?page_id=216","og_locale":"fr_FR","og_type":"article","og_title":"Nuisances sonores : documents officiels - R\u00e9seau Vivre la Ville","og_description":"Lignes directrices relatives au bruit dans l&rsquo;environnement dans la R\u00e9gion europ\u00e9enne &#8211; Organisation Mondiale de la Sant\u00e9 &#8211; 2018 D\u00e9cret relatif aux sons amplifi\u00e9s : requ\u00eates en annulation rejet\u00e9es par le Conseil d\u2019\u00c9tat &#8211; Centre d&rsquo;Information sur le Bruit &#8211; 13 d\u00e9cembre 2018 Rejet des requ\u00eates de la Chambre syndicale des cabarets artistiques et discoth\u00e8ques [&hellip;]","og_url":"https:\/\/www.reseau-vivre-la-ville.fr\/?page_id=216","og_site_name":"R\u00e9seau Vivre la Ville","article_publisher":"https:\/\/www.facebook.com\/vivrelaville\/","article_modified_time":"2025-03-19T15:25:39+00:00","twitter_card":"summary_large_image","twitter_misc":{"Dur\u00e9e de lecture estim\u00e9e":"3 minutes"},"schema":{"@context":"https:\/\/schema.org","@graph":[{"@type":"WebPage","@id":"https:\/\/www.reseau-vivre-la-ville.fr\/?page_id=216","url":"https:\/\/www.reseau-vivre-la-ville.fr\/?page_id=216","name":"Nuisances sonores : documents officiels - R\u00e9seau Vivre la Ville","isPartOf":{"@id":"https:\/\/www.reseau-vivre-la-ville.fr\/#website"},"datePublished":"2015-04-09T15:51:11+00:00","dateModified":"2025-03-19T15:25:39+00:00","breadcrumb":{"@id":"https:\/\/www.reseau-vivre-la-ville.fr\/?page_id=216#breadcrumb"},"inLanguage":"fr-FR","potentialAction":[{"@type":"ReadAction","target":["https:\/\/www.reseau-vivre-la-ville.fr\/?page_id=216"]}]},{"@type":"BreadcrumbList","@id":"https:\/\/www.reseau-vivre-la-ville.fr\/?page_id=216#breadcrumb","itemListElement":[{"@type":"ListItem","position":1,"name":"Accueil","item":"https:\/\/www.reseau-vivre-la-ville.fr\/"},{"@type":"ListItem","position":2,"name":"Nuisances sonores : documents officiels"}]},{"@type":"WebSite","@id":"https:\/\/www.reseau-vivre-la-ville.fr\/#website","url":"https:\/\/www.reseau-vivre-la-ville.fr\/","name":"R\u00e9seau Vivre la Ville","description":"","potentialAction":[{"@type":"SearchAction","target":{"@type":"EntryPoint","urlTemplate":"https:\/\/www.reseau-vivre-la-ville.fr\/?s={search_term_string}"},"query-input":{"@type":"PropertyValueSpecification","valueRequired":true,"valueName":"search_term_string"}}],"inLanguage":"fr-FR"}]}},"_links":{"self":[{"href":"https:\/\/www.reseau-vivre-la-ville.fr\/index.php?rest_route=\/wp\/v2\/pages\/216","targetHints":{"allow":["GET"]}}],"collection":[{"href":"https:\/\/www.reseau-vivre-la-ville.fr\/index.php?rest_route=\/wp\/v2\/pages"}],"about":[{"href":"https:\/\/www.reseau-vivre-la-ville.fr\/index.php?rest_route=\/wp\/v2\/types\/page"}],"author":[{"embeddable":true,"href":"https:\/\/www.reseau-vivre-la-ville.fr\/index.php?rest_route=\/wp\/v2\/users\/7"}],"replies":[{"embeddable":true,"href":"https:\/\/www.reseau-vivre-la-ville.fr\/index.php?rest_route=%2Fwp%2Fv2%2Fcomments&post=216"}],"version-history":[{"count":42,"href":"https:\/\/www.reseau-vivre-la-ville.fr\/index.php?rest_route=\/wp\/v2\/pages\/216\/revisions"}],"predecessor-version":[{"id":2913,"href":"https:\/\/www.reseau-vivre-la-ville.fr\/index.php?rest_route=\/wp\/v2\/pages\/216\/revisions\/2913"}],"wp:attachment":[{"href":"https:\/\/www.reseau-vivre-la-ville.fr\/index.php?rest_route=%2Fwp%2Fv2%2Fmedia&parent=216"}],"curies":[{"name":"wp","href":"https:\/\/api.w.org\/{rel}","templated":true}]}}