{"id":1883,"date":"2018-03-10T13:51:54","date_gmt":"2018-03-10T11:51:54","guid":{"rendered":"https:\/\/www.reseau-vivre-la-ville.fr\/?page_id=1883"},"modified":"2018-11-17T11:21:28","modified_gmt":"2018-11-17T10:21:28","slug":"rencontres-europeennes","status":"publish","type":"page","link":"https:\/\/www.reseau-vivre-la-ville.fr\/?page_id=1883","title":{"rendered":"Rencontres europ\u00e9ennes"},"content":{"rendered":"<p><a href=\"https:\/\/www.reseau-vivre-la-ville.fr\/wp-content\/uploads\/2018\/03\/AffichetteREVV-Bruxelles-1.jpg\"><img loading=\"lazy\" decoding=\"async\" src=\"https:\/\/www.reseau-vivre-la-ville.fr\/wp-content\/uploads\/2018\/03\/AffichetteREVV-Bruxelles-1-212x300.jpg\" alt=\"\" width=\"212\" height=\"300\" class=\"alignleft\" \/><\/a>Le R\u00e9seau Europ\u00e9en \u00ab\u00a0Vivre la Ville!\u00a0\u00bb comprend <a href=\"https:\/\/www.reseau-vivre-la-ville.fr\/?page_id=57\">une centaine d&rsquo;associations nationales et europ\u00e9ennes<\/a>. Il organise des r\u00e9unions publiques depuis 2015.<\/p>\n<ul>\n<li>2018 \u00e0 Bruxelles &#8211; <a href=\"https:\/\/www.reseau-vivre-la-ville.fr\/?page_id=1877\" rel=\"noopener\" target=\"_blank\">Attention danger ! Villes \u00ab festives \u00bb et sant\u00e9 publique : les citoyens europ\u00e9ens se mobilisent<\/a><\/li>\n<li>2017 \u00e0 Madrid &#8211; <a href=\"https:\/\/www.reseau-vivre-la-ville.fr\/?page_id=1238\" rel=\"noopener\" target=\"_blank\">Pour une citoyennet\u00e9 europ\u00e9enne active<\/a><\/li>\n<li>2016 \u00e0 Paris &#8211; <a href=\"https:\/\/www.reseau-vivre-la-ville.fr\/?page_id=2231\" rel=\"noopener\" target=\"_blank\">Nuisances nocturnes : les citoyens europ\u00e9ens se mobilisent<\/a><\/li>\n<li>2015 \u00e0 Paris &#8211; <a href=\"https:\/\/www.reseau-vivre-la-ville.fr\/?page_id=2222\" rel=\"noopener\" target=\"_blank\">Nuisances nocturnes : une fatalit\u00e9 ?<\/a><\/li>\n<\/ul>\n","protected":false},"excerpt":{"rendered":"<p>Le R\u00e9seau Europ\u00e9en \u00ab\u00a0Vivre la Ville!\u00a0\u00bb comprend une centaine d&rsquo;associations nationales et europ\u00e9ennes. Il organise des r\u00e9unions publiques depuis 2015. 2018 \u00e0 Bruxelles &#8211; Attention danger ! Villes \u00ab festives \u00bb et sant\u00e9 publique : les citoyens europ\u00e9ens se mobilisent 2017 \u00e0 Madrid &#8211; Pour une citoyennet\u00e9 europ\u00e9enne active 2016 \u00e0 Paris &#8211; Nuisances nocturnes [&hellip;]<\/p>\n","protected":false},"author":7,"featured_media":0,"parent":0,"menu_order":0,"comment_status":"closed","ping_status":"closed","template":"","meta":{"_monsterinsights_skip_tracking":false,"_monsterinsights_sitenote_active":false,"_monsterinsights_sitenote_note":"","_monsterinsights_sitenote_category":0,"footnotes":""},"class_list":["post-1883","page","type-page","status-publish","hentry","post-preview"],"yoast_head":"<!-- This site is optimized with the Yoast SEO plugin v27.3 - https:\/\/yoast.com\/product\/yoast-seo-wordpress\/ -->\n<title>Rencontres europ\u00e9ennes - R\u00e9seau Vivre la Ville<\/title>\n<meta name=\"robots\" content=\"index, follow, max-snippet:-1, max-image-preview:large, max-video-preview:-1\" \/>\n<link rel=\"canonical\" href=\"https:\/\/www.reseau-vivre-la-ville.fr\/?page_id=1883\" \/>\n<meta property=\"og:locale\" content=\"fr_FR\" \/>\n<meta property=\"og:type\" content=\"article\" \/>\n<meta property=\"og:title\" content=\"Rencontres europ\u00e9ennes - R\u00e9seau Vivre la Ville\" \/>\n<meta property=\"og:description\" content=\"Le R\u00e9seau Europ\u00e9en \u00ab\u00a0Vivre la Ville!\u00a0\u00bb comprend une centaine d&rsquo;associations nationales et europ\u00e9ennes. Il organise des r\u00e9unions publiques depuis 2015. 2018 \u00e0 Bruxelles &#8211; Attention danger ! Villes \u00ab festives \u00bb et sant\u00e9 publique : les citoyens europ\u00e9ens se mobilisent 2017 \u00e0 Madrid &#8211; Pour une citoyennet\u00e9 europ\u00e9enne active 2016 \u00e0 Paris &#8211; Nuisances nocturnes [&hellip;]\" \/>\n<meta property=\"og:url\" content=\"https:\/\/www.reseau-vivre-la-ville.fr\/?page_id=1883\" \/>\n<meta property=\"og:site_name\" content=\"R\u00e9seau Vivre la Ville\" \/>\n<meta property=\"article:publisher\" content=\"https:\/\/www.facebook.com\/vivrelaville\/\" \/>\n<meta property=\"article:modified_time\" content=\"2018-11-17T10:21:28+00:00\" \/>\n<meta property=\"og:image\" content=\"https:\/\/www.reseau-vivre-la-ville.fr\/wp-content\/uploads\/2018\/03\/AffichetteREVV-Bruxelles-1-212x300.jpg\" \/>\n<meta name=\"twitter:card\" content=\"summary_large_image\" \/>\n<script type=\"application\/ld+json\" class=\"yoast-schema-graph\">{\"@context\":\"https:\\\/\\\/schema.org\",\"@graph\":[{\"@type\":\"WebPage\",\"@id\":\"https:\\\/\\\/www.reseau-vivre-la-ville.fr\\\/?page_id=1883\",\"url\":\"https:\\\/\\\/www.reseau-vivre-la-ville.fr\\\/?page_id=1883\",\"name\":\"Rencontres europ\u00e9ennes - R\u00e9seau Vivre la Ville\",\"isPartOf\":{\"@id\":\"https:\\\/\\\/www.reseau-vivre-la-ville.fr\\\/#website\"},\"primaryImageOfPage\":{\"@id\":\"https:\\\/\\\/www.reseau-vivre-la-ville.fr\\\/?page_id=1883#primaryimage\"},\"image\":{\"@id\":\"https:\\\/\\\/www.reseau-vivre-la-ville.fr\\\/?page_id=1883#primaryimage\"},\"thumbnailUrl\":\"https:\\\/\\\/www.reseau-vivre-la-ville.fr\\\/wp-content\\\/uploads\\\/2018\\\/03\\\/AffichetteREVV-Bruxelles-1-212x300.jpg\",\"datePublished\":\"2018-03-10T11:51:54+00:00\",\"dateModified\":\"2018-11-17T10:21:28+00:00\",\"breadcrumb\":{\"@id\":\"https:\\\/\\\/www.reseau-vivre-la-ville.fr\\\/?page_id=1883#breadcrumb\"},\"inLanguage\":\"fr-FR\",\"potentialAction\":[{\"@type\":\"ReadAction\",\"target\":[\"https:\\\/\\\/www.reseau-vivre-la-ville.fr\\\/?page_id=1883\"]}]},{\"@type\":\"ImageObject\",\"inLanguage\":\"fr-FR\",\"@id\":\"https:\\\/\\\/www.reseau-vivre-la-ville.fr\\\/?page_id=1883#primaryimage\",\"url\":\"https:\\\/\\\/www.reseau-vivre-la-ville.fr\\\/wp-content\\\/uploads\\\/2018\\\/03\\\/AffichetteREVV-Bruxelles-1.jpg\",\"contentUrl\":\"https:\\\/\\\/www.reseau-vivre-la-ville.fr\\\/wp-content\\\/uploads\\\/2018\\\/03\\\/AffichetteREVV-Bruxelles-1.jpg\",\"width\":1170,\"height\":1654},{\"@type\":\"BreadcrumbList\",\"@id\":\"https:\\\/\\\/www.reseau-vivre-la-ville.fr\\\/?page_id=1883#breadcrumb\",\"itemListElement\":[{\"@type\":\"ListItem\",\"position\":1,\"name\":\"Accueil\",\"item\":\"https:\\\/\\\/www.reseau-vivre-la-ville.fr\\\/\"},{\"@type\":\"ListItem\",\"position\":2,\"name\":\"Rencontres europ\u00e9ennes\"}]},{\"@type\":\"WebSite\",\"@id\":\"https:\\\/\\\/www.reseau-vivre-la-ville.fr\\\/#website\",\"url\":\"https:\\\/\\\/www.reseau-vivre-la-ville.fr\\\/\",\"name\":\"R\u00e9seau Vivre la Ville\",\"description\":\"\",\"potentialAction\":[{\"@type\":\"SearchAction\",\"target\":{\"@type\":\"EntryPoint\",\"urlTemplate\":\"https:\\\/\\\/www.reseau-vivre-la-ville.fr\\\/?s={search_term_string}\"},\"query-input\":{\"@type\":\"PropertyValueSpecification\",\"valueRequired\":true,\"valueName\":\"search_term_string\"}}],\"inLanguage\":\"fr-FR\"}]}<\/script>\n<!-- \/ Yoast SEO plugin. -->","yoast_head_json":{"title":"Rencontres europ\u00e9ennes - R\u00e9seau Vivre la Ville","robots":{"index":"index","follow":"follow","max-snippet":"max-snippet:-1","max-image-preview":"max-image-preview:large","max-video-preview":"max-video-preview:-1"},"canonical":"https:\/\/www.reseau-vivre-la-ville.fr\/?page_id=1883","og_locale":"fr_FR","og_type":"article","og_title":"Rencontres europ\u00e9ennes - R\u00e9seau Vivre la Ville","og_description":"Le R\u00e9seau Europ\u00e9en \u00ab\u00a0Vivre la Ville!\u00a0\u00bb comprend une centaine d&rsquo;associations nationales et europ\u00e9ennes. Il organise des r\u00e9unions publiques depuis 2015. 2018 \u00e0 Bruxelles &#8211; Attention danger ! Villes \u00ab festives \u00bb et sant\u00e9 publique : les citoyens europ\u00e9ens se mobilisent 2017 \u00e0 Madrid &#8211; Pour une citoyennet\u00e9 europ\u00e9enne active 2016 \u00e0 Paris &#8211; Nuisances nocturnes [&hellip;]","og_url":"https:\/\/www.reseau-vivre-la-ville.fr\/?page_id=1883","og_site_name":"R\u00e9seau Vivre la Ville","article_publisher":"https:\/\/www.facebook.com\/vivrelaville\/","article_modified_time":"2018-11-17T10:21:28+00:00","og_image":[{"url":"https:\/\/www.reseau-vivre-la-ville.fr\/wp-content\/uploads\/2018\/03\/AffichetteREVV-Bruxelles-1-212x300.jpg","type":"","width":"","height":""}],"twitter_card":"summary_large_image","schema":{"@context":"https:\/\/schema.org","@graph":[{"@type":"WebPage","@id":"https:\/\/www.reseau-vivre-la-ville.fr\/?page_id=1883","url":"https:\/\/www.reseau-vivre-la-ville.fr\/?page_id=1883","name":"Rencontres europ\u00e9ennes - R\u00e9seau Vivre la Ville","isPartOf":{"@id":"https:\/\/www.reseau-vivre-la-ville.fr\/#website"},"primaryImageOfPage":{"@id":"https:\/\/www.reseau-vivre-la-ville.fr\/?page_id=1883#primaryimage"},"image":{"@id":"https:\/\/www.reseau-vivre-la-ville.fr\/?page_id=1883#primaryimage"},"thumbnailUrl":"https:\/\/www.reseau-vivre-la-ville.fr\/wp-content\/uploads\/2018\/03\/AffichetteREVV-Bruxelles-1-212x300.jpg","datePublished":"2018-03-10T11:51:54+00:00","dateModified":"2018-11-17T10:21:28+00:00","breadcrumb":{"@id":"https:\/\/www.reseau-vivre-la-ville.fr\/?page_id=1883#breadcrumb"},"inLanguage":"fr-FR","potentialAction":[{"@type":"ReadAction","target":["https:\/\/www.reseau-vivre-la-ville.fr\/?page_id=1883"]}]},{"@type":"ImageObject","inLanguage":"fr-FR","@id":"https:\/\/www.reseau-vivre-la-ville.fr\/?page_id=1883#primaryimage","url":"https:\/\/www.reseau-vivre-la-ville.fr\/wp-content\/uploads\/2018\/03\/AffichetteREVV-Bruxelles-1.jpg","contentUrl":"https:\/\/www.reseau-vivre-la-ville.fr\/wp-content\/uploads\/2018\/03\/AffichetteREVV-Bruxelles-1.jpg","width":1170,"height":1654},{"@type":"BreadcrumbList","@id":"https:\/\/www.reseau-vivre-la-ville.fr\/?page_id=1883#breadcrumb","itemListElement":[{"@type":"ListItem","position":1,"name":"Accueil","item":"https:\/\/www.reseau-vivre-la-ville.fr\/"},{"@type":"ListItem","position":2,"name":"Rencontres europ\u00e9ennes"}]},{"@type":"WebSite","@id":"https:\/\/www.reseau-vivre-la-ville.fr\/#website","url":"https:\/\/www.reseau-vivre-la-ville.fr\/","name":"R\u00e9seau Vivre la Ville","description":"","potentialAction":[{"@type":"SearchAction","target":{"@type":"EntryPoint","urlTemplate":"https:\/\/www.reseau-vivre-la-ville.fr\/?s={search_term_string}"},"query-input":{"@type":"PropertyValueSpecification","valueRequired":true,"valueName":"search_term_string"}}],"inLanguage":"fr-FR"}]}},"_links":{"self":[{"href":"https:\/\/www.reseau-vivre-la-ville.fr\/index.php?rest_route=\/wp\/v2\/pages\/1883","targetHints":{"allow":["GET"]}}],"collection":[{"href":"https:\/\/www.reseau-vivre-la-ville.fr\/index.php?rest_route=\/wp\/v2\/pages"}],"about":[{"href":"https:\/\/www.reseau-vivre-la-ville.fr\/index.php?rest_route=\/wp\/v2\/types\/page"}],"author":[{"embeddable":true,"href":"https:\/\/www.reseau-vivre-la-ville.fr\/index.php?rest_route=\/wp\/v2\/users\/7"}],"replies":[{"embeddable":true,"href":"https:\/\/www.reseau-vivre-la-ville.fr\/index.php?rest_route=%2Fwp%2Fv2%2Fcomments&post=1883"}],"version-history":[{"count":3,"href":"https:\/\/www.reseau-vivre-la-ville.fr\/index.php?rest_route=\/wp\/v2\/pages\/1883\/revisions"}],"predecessor-version":[{"id":2241,"href":"https:\/\/www.reseau-vivre-la-ville.fr\/index.php?rest_route=\/wp\/v2\/pages\/1883\/revisions\/2241"}],"wp:attachment":[{"href":"https:\/\/www.reseau-vivre-la-ville.fr\/index.php?rest_route=%2Fwp%2Fv2%2Fmedia&parent=1883"}],"curies":[{"name":"wp","href":"https:\/\/api.w.org\/{rel}","templated":true}]}}